{"id":7290,"date":"2015-09-08T16:45:07","date_gmt":"2015-09-08T16:45:07","guid":{"rendered":"http:\/\/localhost:8888\/construction\/?page_id=11"},"modified":"2020-03-09T14:11:11","modified_gmt":"2020-03-09T13:11:11","slug":"front-page-2","status":"publish","type":"page","link":"https:\/\/gvm.lu\/","title":{"rendered":"Startseit"},"content":{"rendered":"<div id=\"pl-7290\"  class=\"panel-layout\" ><div id=\"pg-7290-0\"  class=\"panel-grid panel-has-style\" ><div class=\"siteorigin-panels-stretch panel-row-style panel-row-style-for-7290-0\" data-stretch-type=\"full\" ><div id=\"pgc-7290-0-0\"  class=\"panel-grid-cell\" ><div id=\"panel-7290-0-0-0\" class=\"so-panel widget widget_black-studio-tinymce widget_black_studio_tinymce panel-first-child panel-last-child\" data-index=\"0\" ><div class=\"border-box panel-widget-style panel-widget-style-for-7290-0-0-0\" ><h3 class=\"widget-title\"><span class=\"light\">De<\/span> Gaart vun Muer<\/h3><div class=\"textwidget\"><p>Mir bidden am Garden Landschaftsbau alles vun A-Z un.<br \/>\nMee net n\u00ebmmen dat och am Wanter sinn mir fir iech do op Chreschtb\u00e4mecher oder Brennholz.<br \/>\nKuckt am Reiter Servicer no oder benotz den \u00ebnneschten Link<\/p>\n<\/div><\/div><\/div><\/div><\/div><\/div><div id=\"pg-7290-1\"  class=\"panel-grid panel-no-style\" ><div id=\"pgc-7290-1-0\"  class=\"panel-grid-cell panel-grid-cell-mobile-last\" ><div id=\"panel-7290-1-0-0\" class=\"so-panel widget widget_black-studio-tinymce widget_black_studio_tinymce panel-first-child panel-last-child\" data-index=\"1\" ><h3 class=\"widget-title\"><span class=\"light\">Iwwert<\/span> eisen Betrieb<\/h3><div class=\"textwidget\"><p>Eisen\u00a0Betrib\u00a0huet den 1\u00a0M\u00e4erz 2018 seng Dieren\u00a0opgemaach an\u00a0bitt\u00a0iech alles am Garden -Landschaftsbau un.<\/p>\n<p>Mir\u00a0wuessen zu daag zu daag\u00a0\u00ebmmer m\u00e9i.Merci un all eis Clienten\u00a0d\u00e9i\u00a0dat erm\u00e9iglechen.<\/p>\n<\/div><\/div><\/div><div id=\"pgc-7290-1-1\"  class=\"panel-grid-cell panel-grid-cell-empty\" ><\/div><\/div><div id=\"pg-7290-2\"  class=\"panel-grid panel-no-style\" ><div id=\"pgc-7290-2-0\"  class=\"panel-grid-cell\" ><div id=\"panel-7290-2-0-0\" class=\"so-panel widget widget_text panel-first-child panel-last-child\" data-index=\"2\" ><div class=\"no-border panel-widget-style panel-widget-style-for-7290-2-0-0\" ><h3 class=\"widget-title\"><span class=\"light\">Firwat<\/span> Mir?<\/h3>\t\t\t<div class=\"textwidget\"><\/div>\n\t\t<\/div><\/div><\/div><\/div><div id=\"pg-7290-3\"  class=\"panel-grid panel-no-style\" ><div id=\"pgc-7290-3-0\"  class=\"panel-grid-cell\" ><div id=\"panel-7290-3-0-0\" class=\"so-panel widget widget_qt_icon_box widget-icon-box panel-first-child panel-last-child\" data-index=\"3\" >\t\t\t\t<a class=\"icon-box icon-small\" href=\"#\" >\n\t\t\t\t\t\t\t\t<i class=\"fa fa-leaf\"><\/i>\n\t\t\t\t\t<h6 class=\"title\">Zeit Management <\/h6>\n\t\t\t\t\t\t\t\t\t\t\t<span class=\"subtitle\">Mir halen eis Arbeschten emmer an<\/span>\n\t\t\t\t\t\t\t\t<\/a>\n\n\t\t\t<\/div><\/div><div id=\"pgc-7290-3-1\"  class=\"panel-grid-cell\" ><div id=\"panel-7290-3-1-0\" class=\"so-panel widget widget_qt_icon_box widget-icon-box panel-first-child\" data-index=\"4\" >\t\t\t\t<div class=\"icon-box icon-small\">\n\t\t\t\t\t\t\t\t<i class=\"fa fa-check-circle-o\"><\/i>\n\t\t\t\t\t<h6 class=\"title\"> Lizenz\u00e9ierten Betrieb<\/h6>\n\t\t\t\t\t\t\t\t\t\t\t<span class=\"subtitle\"> Eis G\u00e4ertner an Mataarbechter sinn alleguerten an hirem Ber\u00e4ich spezialis\u00e9iert<\/span>\n\t\t\t\t\t\t\t\t<\/div>\n\n\t\t\t<\/div><div id=\"panel-7290-3-1-1\" class=\"so-panel widget widget_qt_icon_box widget-icon-box panel-last-child\" data-index=\"5\" >\t\t\t\t<div class=\"icon-box icon-small\">\n\t\t\t\t\t\t\t\t<i class=\"fa fa-calendar-o\"><\/i>\n\t\t\t\t\t<h6 class=\"title\">Gratis berodung<\/h6>\n\t\t\t\t\t\t\t\t\t\t\t<span class=\"subtitle\">Gratis Angeboter<\/span>\n\t\t\t\t\t\t\t\t<\/div>\n\n\t\t\t<\/div><\/div><div id=\"pgc-7290-3-2\"  class=\"panel-grid-cell\" ><div id=\"panel-7290-3-2-0\" class=\"so-panel widget widget_qt_icon_box widget-icon-box panel-first-child panel-last-child\" data-index=\"6\" >\t\t\t\t<div class=\"icon-box icon-small\">\n\t\t\t\t\t\t\t\t<i class=\"fa fa-comments-o\"><\/i>\n\t\t\t\t\t<h6 class=\"title\">100% Zefridden Clienten<\/h6>\n\t\t\t\t\t\t\t\t\t\t\t<span class=\"subtitle\">Mir sinn och no den Aarbechten nach fir iech do<\/span>\n\t\t\t\t\t\t\t\t<\/div>\n\n\t\t\t<\/div><\/div><\/div><\/div>","protected":false},"excerpt":{"rendered":"<p>Mir bidden am Garden Landschaftsbau alles vun A-Z un. Mee net n\u00ebmmen dat och am Wanter sinn mir fir iech do op Chreschtb\u00e4mecher oder Brennholz. Kuckt am Reiter Servicer no oder benotz den \u00ebnneschten Link Eisen\u00a0Betrib\u00a0huet den 1\u00a0M\u00e4erz 2018 seng Dieren\u00a0opgemaach an\u00a0bitt\u00a0iech alles am Garden -Landschaftsbau un. Mir\u00a0wuessen zu daag zu daag\u00a0\u00ebmmer m\u00e9i.Merci un all [&hellip;]<\/p>\n","protected":false},"author":1,"featured_media":0,"parent":0,"menu_order":0,"comment_status":"open","ping_status":"closed","template":"template-front-fullslider.php","meta":{"footnotes":""},"class_list":["post-7290","page","type-page","status-publish","hentry"],"yoast_head":"<!-- This site is optimized with the Yoast SEO plugin v24.2 - https:\/\/yoast.com\/wordpress\/plugins\/seo\/ -->\n<title>Startseit - De Gaart vun Muer<\/title>\n<meta name=\"description\" content=\"Dir sicht en Landschaftsg\u00e4rtner fir nei Gestaltung oder just Ennerhalungsarbeschten kee Problem froet elo \u00e4eren gratis Devis un. Qualiteit zum fairen Prais\" \/>\n<meta name=\"robots\" content=\"index, follow, max-snippet:-1, max-image-preview:large, max-video-preview:-1\" \/>\n<link rel=\"canonical\" href=\"https:\/\/gvm.lu\/\" \/>\n<meta property=\"og:locale\" content=\"de_DE\" \/>\n<meta property=\"og:type\" content=\"article\" \/>\n<meta property=\"og:title\" content=\"Startseit - De Gaart vun Muer\" \/>\n<meta property=\"og:description\" content=\"Dir sicht en Landschaftsg\u00e4rtner fir nei Gestaltung oder just Ennerhalungsarbeschten kee Problem froet elo \u00e4eren gratis Devis un. Qualiteit zum fairen Prais\" \/>\n<meta property=\"og:url\" content=\"https:\/\/gvm.lu\/\" \/>\n<meta property=\"og:site_name\" content=\"De Gaart vun Muer\" \/>\n<meta property=\"article:publisher\" content=\"https:\/\/www.facebook.com\/De-Gaart-vun-Muer-1929777180684364\/\" \/>\n<meta property=\"article:modified_time\" content=\"2020-03-09T13:11:11+00:00\" \/>\n<meta name=\"twitter:card\" content=\"summary_large_image\" \/>\n<meta name=\"twitter:label1\" content=\"Gesch\u00e4tzte Lesezeit\" \/>\n\t<meta name=\"twitter:data1\" content=\"1\u00a0Minute\" \/>\n<script type=\"application\/ld+json\" class=\"yoast-schema-graph\">{\"@context\":\"https:\/\/schema.org\",\"@graph\":[{\"@type\":\"WebPage\",\"@id\":\"https:\/\/gvm.lu\/\",\"url\":\"https:\/\/gvm.lu\/\",\"name\":\"Startseit - De Gaart vun Muer\",\"isPartOf\":{\"@id\":\"https:\/\/gvm.lu\/#website\"},\"datePublished\":\"2015-09-08T16:45:07+00:00\",\"dateModified\":\"2020-03-09T13:11:11+00:00\",\"description\":\"Dir sicht en Landschaftsg\u00e4rtner fir nei Gestaltung oder just Ennerhalungsarbeschten kee Problem froet elo \u00e4eren gratis Devis un. Qualiteit zum fairen Prais\",\"breadcrumb\":{\"@id\":\"https:\/\/gvm.lu\/#breadcrumb\"},\"inLanguage\":\"de\",\"potentialAction\":[{\"@type\":\"ReadAction\",\"target\":[\"https:\/\/gvm.lu\/\"]}]},{\"@type\":\"BreadcrumbList\",\"@id\":\"https:\/\/gvm.lu\/#breadcrumb\",\"itemListElement\":[{\"@type\":\"ListItem\",\"position\":1,\"name\":\"Startseite\",\"item\":\"https:\/\/gvm.lu\/\"},{\"@type\":\"ListItem\",\"position\":2,\"name\":\"Startseit\"}]},{\"@type\":\"WebSite\",\"@id\":\"https:\/\/gvm.lu\/#website\",\"url\":\"https:\/\/gvm.lu\/\",\"name\":\"De Gaart vun Muer\",\"description\":\"Aeren Gaart zum fairen Prais\",\"publisher\":{\"@id\":\"https:\/\/gvm.lu\/#organization\"},\"potentialAction\":[{\"@type\":\"SearchAction\",\"target\":{\"@type\":\"EntryPoint\",\"urlTemplate\":\"https:\/\/gvm.lu\/?s={search_term_string}\"},\"query-input\":{\"@type\":\"PropertyValueSpecification\",\"valueRequired\":true,\"valueName\":\"search_term_string\"}}],\"inLanguage\":\"de\"},{\"@type\":\"Organization\",\"@id\":\"https:\/\/gvm.lu\/#organization\",\"name\":\"De Gaart vun Muer\",\"url\":\"https:\/\/gvm.lu\/\",\"logo\":{\"@type\":\"ImageObject\",\"inLanguage\":\"de\",\"@id\":\"https:\/\/gvm.lu\/#\/schema\/logo\/image\/\",\"url\":\"https:\/\/gvm.lu\/wp-content\/uploads\/2018\/06\/246FE6EE-B3D7-42DC-8FEC-57CB7D24842C.png\",\"contentUrl\":\"https:\/\/gvm.lu\/wp-content\/uploads\/2018\/06\/246FE6EE-B3D7-42DC-8FEC-57CB7D24842C.png\",\"width\":245,\"height\":105,\"caption\":\"De Gaart vun Muer\"},\"image\":{\"@id\":\"https:\/\/gvm.lu\/#\/schema\/logo\/image\/\"},\"sameAs\":[\"https:\/\/www.facebook.com\/De-Gaart-vun-Muer-1929777180684364\/\"]}]}<\/script>\n<!-- \/ Yoast SEO plugin. -->","yoast_head_json":{"title":"Startseit - De Gaart vun Muer","description":"Dir sicht en Landschaftsg\u00e4rtner fir nei Gestaltung oder just Ennerhalungsarbeschten kee Problem froet elo \u00e4eren gratis Devis un. Qualiteit zum fairen Prais","robots":{"index":"index","follow":"follow","max-snippet":"max-snippet:-1","max-image-preview":"max-image-preview:large","max-video-preview":"max-video-preview:-1"},"canonical":"https:\/\/gvm.lu\/","og_locale":"de_DE","og_type":"article","og_title":"Startseit - De Gaart vun Muer","og_description":"Dir sicht en Landschaftsg\u00e4rtner fir nei Gestaltung oder just Ennerhalungsarbeschten kee Problem froet elo \u00e4eren gratis Devis un. Qualiteit zum fairen Prais","og_url":"https:\/\/gvm.lu\/","og_site_name":"De Gaart vun Muer","article_publisher":"https:\/\/www.facebook.com\/De-Gaart-vun-Muer-1929777180684364\/","article_modified_time":"2020-03-09T13:11:11+00:00","twitter_card":"summary_large_image","twitter_misc":{"Gesch\u00e4tzte Lesezeit":"1\u00a0Minute"},"schema":{"@context":"https:\/\/schema.org","@graph":[{"@type":"WebPage","@id":"https:\/\/gvm.lu\/","url":"https:\/\/gvm.lu\/","name":"Startseit - De Gaart vun Muer","isPartOf":{"@id":"https:\/\/gvm.lu\/#website"},"datePublished":"2015-09-08T16:45:07+00:00","dateModified":"2020-03-09T13:11:11+00:00","description":"Dir sicht en Landschaftsg\u00e4rtner fir nei Gestaltung oder just Ennerhalungsarbeschten kee Problem froet elo \u00e4eren gratis Devis un. Qualiteit zum fairen Prais","breadcrumb":{"@id":"https:\/\/gvm.lu\/#breadcrumb"},"inLanguage":"de","potentialAction":[{"@type":"ReadAction","target":["https:\/\/gvm.lu\/"]}]},{"@type":"BreadcrumbList","@id":"https:\/\/gvm.lu\/#breadcrumb","itemListElement":[{"@type":"ListItem","position":1,"name":"Startseite","item":"https:\/\/gvm.lu\/"},{"@type":"ListItem","position":2,"name":"Startseit"}]},{"@type":"WebSite","@id":"https:\/\/gvm.lu\/#website","url":"https:\/\/gvm.lu\/","name":"De Gaart vun Muer","description":"Aeren Gaart zum fairen Prais","publisher":{"@id":"https:\/\/gvm.lu\/#organization"},"potentialAction":[{"@type":"SearchAction","target":{"@type":"EntryPoint","urlTemplate":"https:\/\/gvm.lu\/?s={search_term_string}"},"query-input":{"@type":"PropertyValueSpecification","valueRequired":true,"valueName":"search_term_string"}}],"inLanguage":"de"},{"@type":"Organization","@id":"https:\/\/gvm.lu\/#organization","name":"De Gaart vun Muer","url":"https:\/\/gvm.lu\/","logo":{"@type":"ImageObject","inLanguage":"de","@id":"https:\/\/gvm.lu\/#\/schema\/logo\/image\/","url":"https:\/\/gvm.lu\/wp-content\/uploads\/2018\/06\/246FE6EE-B3D7-42DC-8FEC-57CB7D24842C.png","contentUrl":"https:\/\/gvm.lu\/wp-content\/uploads\/2018\/06\/246FE6EE-B3D7-42DC-8FEC-57CB7D24842C.png","width":245,"height":105,"caption":"De Gaart vun Muer"},"image":{"@id":"https:\/\/gvm.lu\/#\/schema\/logo\/image\/"},"sameAs":["https:\/\/www.facebook.com\/De-Gaart-vun-Muer-1929777180684364\/"]}]}},"_links":{"self":[{"href":"https:\/\/gvm.lu\/index.php?rest_route=\/wp\/v2\/pages\/7290","targetHints":{"allow":["GET"]}}],"collection":[{"href":"https:\/\/gvm.lu\/index.php?rest_route=\/wp\/v2\/pages"}],"about":[{"href":"https:\/\/gvm.lu\/index.php?rest_route=\/wp\/v2\/types\/page"}],"author":[{"embeddable":true,"href":"https:\/\/gvm.lu\/index.php?rest_route=\/wp\/v2\/users\/1"}],"replies":[{"embeddable":true,"href":"https:\/\/gvm.lu\/index.php?rest_route=%2Fwp%2Fv2%2Fcomments&post=7290"}],"version-history":[{"count":71,"href":"https:\/\/gvm.lu\/index.php?rest_route=\/wp\/v2\/pages\/7290\/revisions"}],"predecessor-version":[{"id":8282,"href":"https:\/\/gvm.lu\/index.php?rest_route=\/wp\/v2\/pages\/7290\/revisions\/8282"}],"wp:attachment":[{"href":"https:\/\/gvm.lu\/index.php?rest_route=%2Fwp%2Fv2%2Fmedia&parent=7290"}],"curies":[{"name":"wp","href":"https:\/\/api.w.org\/{rel}","templated":true}]}}